*m + 5*f + 18 = 0, -2*f = 4*m - h*m - 18. What is the greatest common divisor of m and 99?
9
Suppose 5*d + 3*a - 473 = 0, 0*a + 377 = 4*d + a. Let j = d - 40. What is the highest common factor of j and 36?
18
Let o(s) = -s + 2. Let g be o(-13). Suppose 2*w - 7*w - 4*v + 23 = 0, 3*w = -2*v + g. Calculate the highest common factor of 56 and w.
7
Let x(o) = -349*o - 292. Let v be x(-1). What is the greatest common divisor of v and 2451?
57
Suppose 8*w = 42 - 10. Suppose 0 = -3*t + 124 + 38. Let m be (-16)/(-9) + 120/t + -2. What is the greatest common divisor of w and m?
2
Let y be 1/4 - (3220/(-16))/7. What is the highest common divisor of y and 5249?
29
Suppose 3*z + 2517 = 3*j, -782*j + 779*j - z + 2537 = 0. Calculate the highest common factor of j and 4.
4
Let w = -14476 + 15124. Calculate the highest common divisor of w and 4.
4
Let a = 84 - 82. Let s be 8 + -1*(-2)/(-2). Suppose -a*w + s*w - 275 = 0. What is the greatest common divisor of 11 and w?
11
Suppose -10*q - 3*q = -q. Suppose 20*j - 6*j - 84 = q. Let g = 52 - 10. What is the greatest common factor of g and j?
6
Let h be 116/10 + (-90)/(-225). Suppose 0 = 2*w - 3*j - 84, -7*w + h*w - 203 = 4*j. Suppose -3*d + 1287 = -0*d. What is the greatest common divisor of d and w?
39
Let b be 314/6 - 1/3. Let p = -107589 - -107758. What is the greatest common divisor of p and b?
13
Let w = 21 - 5. Suppose 4*q + q - 1224 = -4*q. Calculate the greatest common divisor of w and q.
8
Let a(d) = d**3 - 12*d**2 - 474*d - 78. Let l be a(-16). Calculate the greatest common divisor of 663 and l.
13
Suppose -3*g + r + 167 = 0, 35 = 4*g + 3*r - 192. Let f(v) = 19*v + v**2 - 44 + 46 - 4*v**2. Let a be f(6). Calculate the greatest common divisor of g and a.
8
Let h(x) = 2*x**2 + 13*x. Let v(n) = n**2 + 6*n. Let z(o) = -4*h(o) + 10*v(o). Let g be z(6). Calculate the greatest common factor of 180 and g.
60
Let p = -13 - -25. Let b(r) = -16 + 6*r - 8 + 14*r**2 - r**3 - 3*r. Let x be b(14). Calculate the greatest common factor of x and p.
6
Let b = 26 + 52. Suppose -70 = -5*r - 4*s + b, -29 = -r - s. Calculate the greatest common divisor of 176 and r.
16
Let v(s) = -5*s**2 + 22*s + 61. Let o be v(-3). Let z = o + 120. What is the greatest common divisor of 56 and z?
14
Let k(q) = 40*q - 656. Let f be k(17). Calculate the greatest common factor of 84 and f.
12
Let i = -325 - -349. Let h(g) = -16*g - 8. Let j be h(-8). Calculate the highest common factor of j and i.
24
Let l(g) = g**2 + 39*g + 4. Let i be l(-4). Let r = -41 - i. Calculate the greatest common divisor of r and 152.
19
Let t = -7416 - -7671. Calculate the highest common divisor of t and 60.
15
Suppose -3*q - 363 = 16*v - 21*v, -q = v - 79. Let y = 216 + -111. What is the highest common divisor of v and y?
15
Suppose -o = 4*g - 39 - 10, -28 = -3*g + o. Let a be (-2)/(-16) - ((-1315)/40 + g). What is the greatest common factor of a and 187?
11
Let k(i) = 28*i + 17. Let q be k(6). Let b = q - 82. Suppose x + 2*x = 2*c - 94, -3*c - 5*x + b = 0. Calculate the highest common divisor of 287 and c.
41
Let r(c) = 6*c + 77. Let q be r(-6). Suppose 43*o - 30 = q*o. Calculate the greatest common divisor of o and 45.
15
Suppose 3*w - 6 = -5*b, 4*w - 10 = -w + 4*b. Suppose 2*g - 104 = 4*r, 5*g + 4*r = w*r + 308. What is the greatest common divisor of 780 and g?
60
Let c(j) = 171*j - 300. Let h be c(4). Calculate the highest common factor of 1032 and h.
24
Suppose 0 = 4*l - 12, -17*l + 21*l + 640 = 2*r. Calculate the highest common factor of r and 3097.
163
Suppose 34*h - 19*h = 135. Let q(a) = -a**3 + 12*a**2 - 23*a - 10. Let c be q(h). What is the greatest common divisor of 52 and c?
26
Let u(h) = h + 8. Let i(c) = -2*c**2 - 2*c + 4. Let n be i(1). Let r be u(n). Calculate the highest common divisor of 28 and r.
4
Let v be (51/85)/(1/20). Suppose 0*y = 4*y - v, 5*m = 4*y + 303. Suppose -67*h + 104 = -m*h. What is the greatest common factor of 130 and h?
26
Suppose -5*k + 3*k - 7*k = -2961. Calculate the greatest common divisor of k and 14.
7
Suppose 3*s - 783 = -5*q + 3*q, 5*s = 2*q - 759. Let h = -238 + 740. Suppose h - 244 = 6*z. Calculate the highest common factor of z and q.
43
Let l(s) = 1487*s + 10441. Let q be l(-7). Calculate the highest common divisor of q and 9.
1
Let q = 58 - 49. Let o = q - -7. Suppose 38 + o = 3*z. What is the highest common factor of 162 and z?
18
Let d be (264/(-9))/(-1)*(215/10 - 14). What is the greatest common factor of d and 580?
20
Suppose 258*u = 4*y + 253*u - 99, 0 = 2*y - 10*u - 102. What is the greatest common factor of 688 and y?
16
Suppose -2*n + 4*q = 16, 2*n = 4*n + 2*q - 8. Suppose -3*p - 2*p + 1501 = -3*y, 3*p + y - 895 = n. Calculate the greatest common factor of 23 and p.
23
Let l be -5 - (-2)/1 - 25/1. Let h be 6*(4/(-14) + (-190)/l). Let f = -31 + h. What is the greatest common factor of 1 and f?
1
Let x be 6/(-15) - 129/15. Let s be -3*(2 - (-48)/x). Suppose 11*q - 13*q + 4 = -4*v, 5*v - 1 = q. Calculate the highest common factor of v and s.
1
Let z = 5225 + -5025. Calculate the highest common divisor of 60 and z.
20
Let g = 30 + -6. Suppose -3*n - 22 = -49. Suppose -g = -11*v + n*v. What is the highest common factor of 3 and v?
3
Let y = -14130 - -14742. Calculate the greatest common factor of y and 189.
9
Suppose -z = n - 3861, -13*z + 19326 = -8*z - 2*n. What is the greatest common divisor of 168 and z?
168
Let i be (-5)/(-4) - (-390)/8. Let f be i*-4*21/(-24). What is the highest common divisor of f and 7?
7
Let j be 0 + -3 + 0 + 6. Suppose j*s = 3*r - 57, -2*s + 76 - 2 = 5*r. Suppose 25*g = 12*g + 312. What is the highest common divisor of g and r?
8
Suppose 0 = 13*u - 28419 - 1000. What is the greatest common factor of 31 and u?
31
Let r be (8/(-14) - 345/805)*(-6 + 2). Let k be 12/(1 - (-1)/2). What is the highest common factor of r and k?
4
Suppose 0 = -d + 17*d + 2263 - 36967. Calculate the highest common factor of d and 18.
9
Let m(x) = -2883*x - 342. Let t be m(-3). What is the highest common divisor of 117 and t?
117
Suppose -2*f - 29 + 79 = 0. Suppose q - 6*q = -f. Suppose 3*i = q*u + 59, u = 2*u + 1. What is the greatest common factor of 72 and i?
18
Suppose -2*h = -i - 1037, -h - 4*i - i + 502 = 0. Let t(y) = y**3 - 12*y**2 - 187*y + 5. Let a be t(21). What is the greatest common factor of a and h?
47
Suppose 0 = 30*g - 2331 - 2829. What is the greatest common divisor of 1978 and g?
86
Suppose 5*v = j + 646, -5*v + 5*j - 9*j = -641. Calculate the greatest common factor of v and 3956.
43
Suppose -3*p - 77 = -u + 42, 2*p + 118 = u. Suppose j + 3*j = 16. Calculate the greatest common divisor of u and j.
4
Suppose 42*s - 45 = 39*s + 2*c, 0 = -2*s + c + 27. What is the highest common factor of s and 3828?
3
Suppose -81*x + 73*x + 40 = 0. Let w be -5 + 24 + -2 - x. What is the greatest common divisor of 132 and w?
12
Let f(r) = 32*r - 24. Let a(b) = -1. Let c(p) = 24*a(p) - f(p). Let i be c(1). Let v = i + 45. What is the highest common divisor of 52 and v?
13
Suppose 77*t = -78*t + 36*t + 3213. What is the highest common factor of t and 2403?
27
Let s be 5489/5 + 1 + 144/720. What is the highest common factor of 14 and s?
7
Let d(o) = 115*o + 61. Suppose -3*z + 20 = -4*w - 5, -1 = 5*z + 4*w. Let r be d(z). What is the greatest common factor of 58 and r?
58
Let v be (273*(-6)/(-72))/(5*1/100). Calculate the highest common factor of v and 224.
7
Suppose 7*i - 160 - 182 - 120 = 0. What is the greatest common factor of i and 693?
33
Suppose 17*s - 1872 = 6934. Let g = 196 + s. What is the highest common divisor of g and 42?
42
Let u be (126/(-27)*(-68)/14)/((-2)/(-30)). Let o be 1*-2 - 72/(-6). What is the greatest common divisor of o and u?
10
Let q = 10 + -5. Suppose 3*x = 12*x, 2*s + 2*x - 50 = 0. What is the greatest common factor of s and q?
5
Let h = -412 - -367. Let u be (-420)/h + 1*(-3)/9. Calculate the highest common factor of u and 603.
9
Let x(f) be the second derivative of f**5/20 + f**4/3 - 5*f**3/3 + 7*f**2 - 4*f - 2. Let i be x(-6). What is the highest common factor of 146 and i?
2
Suppose 8*n - 4*n = 16. Suppose -5*x + 29 - 4 = 0, -4*x + 360 = n*j. Suppose 0 = 3*l + 15, 3*l + 0*l = -5*u + j. What is the greatest common factor of u and 4?
4
Let f be (2 - 1)*-1*(-405 + -16748). What is 